mon divisor of f and w.
13
Let v(j) = j**3 + 13*j**2 - 12*j + 28. Let s be v(-14). Suppose -9*o + 36 + 162 = s. What is the highest common divisor of 33 and o?
11
Let s = -262 - -27. Let h = s - -283. Calculate the greatest common divisor of 16 and h.
16
Let i(o) = -51*o - 964. Let y be i(-24). Suppose 2*v = 3*v - 39. What is the highest common factor of y and v?
13
Let s(b) = -5 + 3*b**2 + 21 + 17 - 91*b + 82*b. Let z be s(14). Calculate the highest common divisor of 45 and z.
45
Let m = -11539 - -11587. Let s be 2 + -1 + (1 - -10). What is the highest common divisor of m and s?
12
Suppose -a - 58 = 5*x - 77, x = 2*a + 6. Suppose -4*k = 3*t - 87, -4*k + x = -4*t - 76. What is the highest common divisor of 525 and k?
21
Suppose 0 = 2*w, 83*h - 79*h - 3*w - 69732 = 0. Calculate the greatest common divisor of 13 and h.
13
Let x = 104 - -1976. What is the greatest common divisor of x and 64?
32
Suppose 63*g - 238 = 203. Calculate the greatest common factor of g and 497.
7
Let m = 8693 - 8688. What is the highest common divisor of m and 6065?
5
Let d(v) = -v**3 - 4*v**2 + 2*v - 8. Let r be ((-1)/(-9))/((-9)/27)*6. Let w = r - 4. Let n be d(w). Calculate the highest common factor of 468 and n.
52
Let n = -17 - -19. Let s be (-174)/(-15) + n + (-16)/10. Calculate the highest common factor of 300 and s.
12
Suppose 2*o - 330 = 4*y, -5*o + 715 + 110 = -y. Calculate the highest common divisor of o and 1275.
15
Let k be 23*119/14*12. Calculate the highest common factor of k and 1380.
138
Suppose -5*s + 70 = 10. Let n be 3556/s - 2/(-3). Let f be (-2)/(-22) - (888/(-33) + -3 + 3). Calculate the greatest common divisor of f and n.
27
Let x = 5537 - 5290. What is the highest common factor of 133 and x?
19
Let a be (743 - 0) + (-9 - -16). Calculate the greatest common divisor of 10 and a.
10
Suppose -73*q + 2*x - 417 = -78*q, -4*q = -4*x - 328. Calculate the greatest common factor of 4399 and q.
83
Let o be (28/7)/(3 + -1). Suppose -o*u - 5*q = 2*u + 8, 5*u - 19 = q. Suppose 4*d - u = 1. Calculate the highest common factor of 5 and d.
1
Let y = 24 - 6. Let n(a) = y*a**2 + 3*a - 17 + 15 + 9*a**2 - 8*a**2. Let o be n(2). What is the greatest common factor of o and 20?
20
Let u be 11 + 6 - (-10 + -18676). Calculate the highest common factor of 59 and u.
59
Let z = -9 + 63. Suppose 14*p - 65934 = -8*p. Suppose -10*i = -47*i + p. Calculate the greatest common factor of i and z.
27
Let i(a) = a**3 - 34*a**2 + 36*a - 90. Let d be i(33). Let c(j) = -j**3 + 6*j**2 + 34*j - 38. Let t be c(d). What is the greatest common divisor of 95 and t?
5
Suppose 2*h - 70 = 3*j + 28, -4*j - 148 = -3*h. Let z = 272 + -116. Calculate the highest common factor of z and h.
52
Suppose -521*b + 161226 = -482*b. Calculate the highest common factor of 53 and b.
53
Let w = -93 - -228. Let l(o) = -14 - o**2 - o + 4*o + 2*o**2 - 2. Let i be l(-10). What is the greatest common factor of w and i?
27
Suppose f - 2416 = -2*s, 4*s - 17*f - 4848 = -15*f. Calculate the greatest common divisor of 430 and s.
10
Suppose -4*g + 156 = 3*y - 616, 3*y + 938 = 5*g. What is the greatest common factor of g and 285?
95
Let z(p) = -p - 1. Let q(k) = -2*k - 15. Let u(a) = 2*q(a) - 18*z(a). Let s be u(8). Let v = -1194 - -1214. Calculate the highest common divisor of s and v.
20
Let s(d) = d**3 + 6*d**2 + 2*d + 2. Let n be s(-6). Let t be ((-30)/(-3))/((-4)/n). Let u = -790 + 890. What is the greatest common factor of u and t?
25
Suppose -3*m = 2*m - 3*m. Suppose m = -f + 2*f - 12. Suppose 0 = 2*q - f*q + 80. What is the greatest common divisor of 104 and q?
8
Let t(y) = 5*y**2 + 15*y + 13. Let u be t(-4). Suppose -2*b + 3*z = 22 - u, 0 = -b + 4*z + 8. Calculate the highest common divisor of b and 32.
4
Let u be (0 + -20)*3/((-24)/154). Let g = u + -131. Suppose -10*i = -g - 196. What is the highest common factor of i and 15?
15
Let p(z) = 73*z**2 + 395*z - 396. Let c be p(1). Calculate the greatest common divisor of 504 and c.
72
Suppose -3*j - 12 = 0, -y + 9960 = 830*j - 835*j. Calculate the greatest common divisor of 140 and y.
140
Suppose 20*l - 899 = 60*l - 36739. Calculate the highest common factor of l and 364.
28
Let v(p) = p**2 - 12*p - 13. Let n = 18 - 43. Let f = n - -39. Let s be v(f). What is the greatest common factor of s and 6?
3
Let g(c) = -22*c - 86. Let q be g(-4). Let k = 39 - 37. Suppose -k*b + 12 = h, -4*h + 7*b - 4*b + 81 = 0. What is the highest common factor of q and h?
2
Let p be -620 - 2*(-2 - 7/(-2)). Let u be 1*(p/(-9) - 24/108). Suppose j = -2*j + 69. What is the greatest common divisor of j and u?
23
Suppose -169*b = 70*b - 8229 + 2015. Calculate the greatest common factor of b and 3263.
13
Suppose -68*q = -73*q + 3*n + 1911, 3*q = 5*n + 1137. Suppose 195*v - 227*v + q = 0. Calculate the greatest common divisor of 192 and v.
12
Let y be -1 + 120 + (-1)/(-1). Let p be ((-870)/203)/(15/(-560)). Calculate the highest common divisor of y and p.
40
Let o be (-32)/(-12) - (-2)/(-3). Suppose q + o*q - 102 = 0. Suppose 31*a = 789 + 792. What is the greatest common divisor of q and a?
17
Let u(i) = 5*i**2 + 29*i + 16. Let y be u(-9). Suppose -208*c + y = -207*c. What is the highest common factor of 64 and c?
32
Suppose 11*l + 5362 = 5802. Calculate the greatest common factor of 3880 and l.
40
Let o be (-4)/(-12) - 154/(-6). Let v = -21 + o. Let l(j) = 20*j + 12. Let t be l(v). Calculate the greatest common divisor of 16 and t.
16
Suppose 7*j - 3*j = 36. Suppose 48 = 2*i - 5*t, j*i - t - 97 = 4*i. What is the highest common divisor of 247 and i?
19
Suppose 22 = 5*t - 3*c, -c - 10 = -t + c. Let r be t/9 - 590/(-18). Let l be -15*(2/8 - r/4). What is the highest common divisor of l and 15?
15
Let d = 64 - 35. Let h be (-29)/((-669)/(-48) - (13 + 1)). Calculate the highest common factor of h and d.
29
Let z(s) = -3*s**2 - 30*s + 39. Let d be z(-16). Let a = 279 + d. What is the highest common factor of 20 and a?
10
Let k(j) = -3*j**3 - 123*j**2 - 74*j - 108. Let w be k(-41). What is the greatest common divisor of 198 and w?
22
Let p be 1*10/(-15)*-21. Let j = 28 + -43. Let k = 29 + j. Calculate the greatest common factor of p and k.
14
Suppose -6*a + 4*a = -524. Suppose 5*x - 88 = a. Suppose 5*g - 42 - 98 = 0. What is the greatest common factor of x and g?
14
Let p = -192 + 192. Let q(v) = 14*v + 80. Let r be q(p). What is the greatest common factor of r and 70?
10
Let d = -589 + 620. Suppose 8 = -2*t + 4*t. Suppose -4*c = t*n + 131 - 987, 0 = -4*c + 3*n + 877. What is the highest common divisor of c and d?
31
Let a be (-1)/4 + ((-13)/(-4) - -1). Let o be ((-65)/(-10))/13 + (-2)/a. Suppose o = 6*s - 83 + 5. Calculate the greatest common divisor of 91 and s.
13
Suppose -2*o = 5*t + 2*o - 1305, -3*t + 805 = -2*o. Let x = t - 49. What is the highest common factor of x and 81?
27
Let h = -1374 + 1217. Suppose 2*l + l = -465. Let n = l - h. What is the greatest common divisor of 18 and n?
2
Let k = -3415 + 3427. What is the greatest common factor of k and 1794?
6
Let h(s) = 4*s. Let a be h(3). Suppose 3*i - 1077 = -262*o + 258*o, -3*i = -3*o + 855. What is the highest common factor of a and o?
12
Let d = -1 - -2. Let q be (27/9)/6*0. Suppose -3*x + 0*z + 3*z = -21, 3*x - 5*z - 29 = q. What is the greatest common factor of d and x?
1
Let t(q) = q**2 - 4*q + 5. Let p be t(3). Suppose 6*k = -p + 14. Let o = 39 - 23. What is the greatest common divisor of k and o?
2
Let s(i) = 3*i + 3. Let n be s(6). Let p(h) = -5*h**2 + 90*h + 584. Let u be p(23). Calculate the highest common divisor of n and u.
3
Let r(g) = 82*g - 1. Let b be r(1). Suppose 5*k = b + 139. Let y be (19 - (-485)/(-25))/((-2)/330). What is the highest common factor of y and k?
22
Let k be 226/(-20) - -11 - (-1917)/90. What is the greatest common divisor of 3171 and k?
21
Let r = 2528 - 2243. What is the greatest common divisor of r and 57?
57
Suppose -2*h + 4*w + 5 = -3*h, 0 = -h + 2*w + 13. Suppose -2*g + 25 = h. Let f be (-10710)/(-140) - 27/(-6). What is the greatest common factor of g and f?
9
Let p be (1/2)/(7/(-14)). Let b(g) = -2*g - 2. Let c be b(p). Suppose x + c*x + h = 5, x = -3*h - 1. Calculate the highest common factor of 12 and x.
4
Suppose 3 = -4*v + 7, 4*q + 5*v - 9 = 0. Let g be 4 + (-1)/(4/12) - q. Suppose g = 2*s -